
{"id":19040,"date":"2022-07-14T15:06:43","date_gmt":"2022-07-14T18:06:43","guid":{"rendered":"https:\/\/ocupacao.icnetworks.org\/ocupacao\/?page_id=19040"},"modified":"2024-04-02T16:18:28","modified_gmt":"2024-04-02T19:18:28","slug":"tonia-carrero","status":"publish","type":"page","link":"https:\/\/www.itaucultural.org.br\/ocupacao\/tonia-carrero\/","title":{"rendered":"T\u00f4nia Carrero"},"content":{"rendered":"","protected":false},"excerpt":{"rendered":"","protected":false},"author":16,"featured_media":0,"parent":0,"menu_order":58,"comment_status":"closed","ping_status":"closed","template":"","meta":{"footnotes":""},"class_list":["post-19040","page","type-page","status-publish","hentry"],"yoast_head":"<!-- This site is optimized with the Yoast SEO plugin v27.5 - https:\/\/yoast.com\/product\/yoast-seo-wordpress\/ -->\n<title>T\u00f4nia Carrero - Ocupa\u00e7\u00e3o<\/title>\n<meta name=\"description\" content=\"A Ocupa\u00e7\u00e3o T\u00f4nia Carrero, realizada pelo Ita\u00fa Cultural, celebra a trajet\u00f3ria de uma das principais atrizes brasileiras do s\u00e9culo XX\" \/>\n<meta name=\"robots\" content=\"index, follow, max-snippet:-1, max-image-preview:large, max-video-preview:-1\" \/>\n<link rel=\"canonical\" href=\"https:\/\/www.itaucultural.org.br\/ocupacao\/tonia-carrero\/\" \/>\n<meta property=\"og:locale\" content=\"pt_BR\" \/>\n<meta property=\"og:type\" content=\"article\" \/>\n<meta property=\"og:title\" content=\"T\u00f4nia Carrero - Ocupa\u00e7\u00e3o\" \/>\n<meta property=\"og:description\" content=\"A Ocupa\u00e7\u00e3o T\u00f4nia Carrero, realizada pelo Ita\u00fa Cultural, celebra a trajet\u00f3ria de uma das principais atrizes brasileiras do s\u00e9culo XX\" \/>\n<meta property=\"og:url\" content=\"https:\/\/www.itaucultural.org.br\/ocupacao\/tonia-carrero\/\" \/>\n<meta property=\"og:site_name\" content=\"Ocupa\u00e7\u00e3o\" \/>\n<meta property=\"article:modified_time\" content=\"2024-04-02T19:18:28+00:00\" \/>\n<meta name=\"twitter:card\" content=\"summary_large_image\" \/>\n<script type=\"application\/ld+json\" class=\"yoast-schema-graph\">{\"@context\":\"https:\\\/\\\/schema.org\",\"@graph\":[{\"@type\":\"WebPage\",\"@id\":\"https:\\\/\\\/www.itaucultural.org.br\\\/ocupacao\\\/tonia-carrero\\\/\",\"url\":\"https:\\\/\\\/www.itaucultural.org.br\\\/ocupacao\\\/tonia-carrero\\\/\",\"name\":\"T\u00f4nia Carrero - Ocupa\u00e7\u00e3o\",\"isPartOf\":{\"@id\":\"https:\\\/\\\/www.itaucultural.org.br\\\/ocupacao\\\/en\\\/#website\"},\"datePublished\":\"2022-07-14T18:06:43+00:00\",\"dateModified\":\"2024-04-02T19:18:28+00:00\",\"description\":\"A Ocupa\u00e7\u00e3o T\u00f4nia Carrero, realizada pelo Ita\u00fa Cultural, celebra a trajet\u00f3ria de uma das principais atrizes brasileiras do s\u00e9culo XX\",\"breadcrumb\":{\"@id\":\"https:\\\/\\\/www.itaucultural.org.br\\\/ocupacao\\\/tonia-carrero\\\/#breadcrumb\"},\"inLanguage\":\"pt-BR\",\"potentialAction\":[{\"@type\":\"ReadAction\",\"target\":[\"https:\\\/\\\/www.itaucultural.org.br\\\/ocupacao\\\/tonia-carrero\\\/\"]}]},{\"@type\":\"BreadcrumbList\",\"@id\":\"https:\\\/\\\/www.itaucultural.org.br\\\/ocupacao\\\/tonia-carrero\\\/#breadcrumb\",\"itemListElement\":[{\"@type\":\"ListItem\",\"position\":1,\"name\":\"In\u00edcio\",\"item\":\"https:\\\/\\\/www.itaucultural.org.br\\\/ocupacao\\\/en\\\/\"},{\"@type\":\"ListItem\",\"position\":2,\"name\":\"T\u00f4nia Carrero\"}]},{\"@type\":\"WebSite\",\"@id\":\"https:\\\/\\\/www.itaucultural.org.br\\\/ocupacao\\\/en\\\/#website\",\"url\":\"https:\\\/\\\/www.itaucultural.org.br\\\/ocupacao\\\/en\\\/\",\"name\":\"Ocupa\u00e7\u00e3o\",\"description\":\"S\u00f3 mais um site WordPress\",\"potentialAction\":[{\"@type\":\"SearchAction\",\"target\":{\"@type\":\"EntryPoint\",\"urlTemplate\":\"https:\\\/\\\/www.itaucultural.org.br\\\/ocupacao\\\/en\\\/?s={search_term_string}\"},\"query-input\":{\"@type\":\"PropertyValueSpecification\",\"valueRequired\":true,\"valueName\":\"search_term_string\"}}],\"inLanguage\":\"pt-BR\"}]}<\/script>\n<!-- \/ Yoast SEO plugin. -->","yoast_head_json":{"title":"T\u00f4nia Carrero - Ocupa\u00e7\u00e3o","description":"A Ocupa\u00e7\u00e3o T\u00f4nia Carrero, realizada pelo Ita\u00fa Cultural, celebra a trajet\u00f3ria de uma das principais atrizes brasileiras do s\u00e9culo XX","robots":{"index":"index","follow":"follow","max-snippet":"max-snippet:-1","max-image-preview":"max-image-preview:large","max-video-preview":"max-video-preview:-1"},"canonical":"https:\/\/www.itaucultural.org.br\/ocupacao\/tonia-carrero\/","og_locale":"pt_BR","og_type":"article","og_title":"T\u00f4nia Carrero - Ocupa\u00e7\u00e3o","og_description":"A Ocupa\u00e7\u00e3o T\u00f4nia Carrero, realizada pelo Ita\u00fa Cultural, celebra a trajet\u00f3ria de uma das principais atrizes brasileiras do s\u00e9culo XX","og_url":"https:\/\/www.itaucultural.org.br\/ocupacao\/tonia-carrero\/","og_site_name":"Ocupa\u00e7\u00e3o","article_modified_time":"2024-04-02T19:18:28+00:00","twitter_card":"summary_large_image","schema":{"@context":"https:\/\/schema.org","@graph":[{"@type":"WebPage","@id":"https:\/\/www.itaucultural.org.br\/ocupacao\/tonia-carrero\/","url":"https:\/\/www.itaucultural.org.br\/ocupacao\/tonia-carrero\/","name":"T\u00f4nia Carrero - Ocupa\u00e7\u00e3o","isPartOf":{"@id":"https:\/\/www.itaucultural.org.br\/ocupacao\/en\/#website"},"datePublished":"2022-07-14T18:06:43+00:00","dateModified":"2024-04-02T19:18:28+00:00","description":"A Ocupa\u00e7\u00e3o T\u00f4nia Carrero, realizada pelo Ita\u00fa Cultural, celebra a trajet\u00f3ria de uma das principais atrizes brasileiras do s\u00e9culo XX","breadcrumb":{"@id":"https:\/\/www.itaucultural.org.br\/ocupacao\/tonia-carrero\/#breadcrumb"},"inLanguage":"pt-BR","potentialAction":[{"@type":"ReadAction","target":["https:\/\/www.itaucultural.org.br\/ocupacao\/tonia-carrero\/"]}]},{"@type":"BreadcrumbList","@id":"https:\/\/www.itaucultural.org.br\/ocupacao\/tonia-carrero\/#breadcrumb","itemListElement":[{"@type":"ListItem","position":1,"name":"In\u00edcio","item":"https:\/\/www.itaucultural.org.br\/ocupacao\/en\/"},{"@type":"ListItem","position":2,"name":"T\u00f4nia Carrero"}]},{"@type":"WebSite","@id":"https:\/\/www.itaucultural.org.br\/ocupacao\/en\/#website","url":"https:\/\/www.itaucultural.org.br\/ocupacao\/en\/","name":"Ocupa\u00e7\u00e3o","description":"S\u00f3 mais um site WordPress","potentialAction":[{"@type":"SearchAction","target":{"@type":"EntryPoint","urlTemplate":"https:\/\/www.itaucultural.org.br\/ocupacao\/en\/?s={search_term_string}"},"query-input":{"@type":"PropertyValueSpecification","valueRequired":true,"valueName":"search_term_string"}}],"inLanguage":"pt-BR"}]}},"_links":{"self":[{"href":"https:\/\/www.itaucultural.org.br\/ocupacao\/wp-json\/wp\/v2\/pages\/19040","targetHints":{"allow":["GET"]}}],"collection":[{"href":"https:\/\/www.itaucultural.org.br\/ocupacao\/wp-json\/wp\/v2\/pages"}],"about":[{"href":"https:\/\/www.itaucultural.org.br\/ocupacao\/wp-json\/wp\/v2\/types\/page"}],"author":[{"embeddable":true,"href":"https:\/\/www.itaucultural.org.br\/ocupacao\/wp-json\/wp\/v2\/users\/16"}],"replies":[{"embeddable":true,"href":"https:\/\/www.itaucultural.org.br\/ocupacao\/wp-json\/wp\/v2\/comments?post=19040"}],"version-history":[{"count":21,"href":"https:\/\/www.itaucultural.org.br\/ocupacao\/wp-json\/wp\/v2\/pages\/19040\/revisions"}],"predecessor-version":[{"id":20955,"href":"https:\/\/www.itaucultural.org.br\/ocupacao\/wp-json\/wp\/v2\/pages\/19040\/revisions\/20955"}],"wp:attachment":[{"href":"https:\/\/www.itaucultural.org.br\/ocupacao\/wp-json\/wp\/v2\/media?parent=19040"}],"curies":[{"name":"wp","href":"https:\/\/api.w.org\/{rel}","templated":true}]}}

Tônia Carrero

<!-- This site is optimized with the Yoast SEO plugin v27.5 - https://yoast.com/product/yoast-seo-wordpress/ -->
<title>Tônia Carrero - Ocupação</title>
<meta name="description" content="A Ocupação Tônia Carrero, realizada pelo Itaú Cultural, celebra a trajetória de uma das principais atrizes brasileiras do século XX" />
<meta name="robots" content="index, follow, max-snippet:-1, max-image-preview:large, max-video-preview:-1" />
<link rel="canonical" href="https://www.itaucultural.org.br/ocupacao/tonia-carrero/" />
<meta property="og:locale" content="pt_BR" />
<meta property="og:type" content="article" />
<meta property="og:title" content="Tônia Carrero - Ocupação" />
<meta property="og:description" content="A Ocupação Tônia Carrero, realizada pelo Itaú Cultural, celebra a trajetória de uma das principais atrizes brasileiras do século XX" />
<meta property="og:url" content="https://www.itaucultural.org.br/ocupacao/tonia-carrero/" />
<meta property="og:site_name" content="Ocupação" />
<meta property="article:modified_time" content="2024-04-02T19:18:28+00:00" />
<meta name="twitter:card" content="summary_large_image" />
<script type="application/ld+json" class="yoast-schema-graph">{"@context":"https:\/\/schema.org","@graph":[{"@type":"WebPage","@id":"https:\/\/www.itaucultural.org.br\/ocupacao\/tonia-carrero\/","url":"https:\/\/www.itaucultural.org.br\/ocupacao\/tonia-carrero\/","name":"Tônia Carrero - Ocupação","isPartOf":{"@id":"https:\/\/www.itaucultural.org.br\/ocupacao\/en\/#website"},"datePublished":"2022-07-14T18:06:43+00:00","dateModified":"2024-04-02T19:18:28+00:00","description":"A Ocupação Tônia Carrero, realizada pelo Itaú Cultural, celebra a trajetória de uma das principais atrizes brasileiras do século XX","breadcrumb":{"@id":"https:\/\/www.itaucultural.org.br\/ocupacao\/tonia-carrero\/#breadcrumb"},"inLanguage":"pt-BR","potentialAction":[{"@type":"ReadAction","target":["https:\/\/www.itaucultural.org.br\/ocupacao\/tonia-carrero\/"]}]},{"@type":"BreadcrumbList","@id":"https:\/\/www.itaucultural.org.br\/ocupacao\/tonia-carrero\/#breadcrumb","itemListElement":[{"@type":"ListItem","position":1,"name":"Início","item":"https:\/\/www.itaucultural.org.br\/ocupacao\/en\/"},{"@type":"ListItem","position":2,"name":"Tônia Carrero"}]},{"@type":"WebSite","@id":"https:\/\/www.itaucultural.org.br\/ocupacao\/en\/#website","url":"https:\/\/www.itaucultural.org.br\/ocupacao\/en\/","name":"Ocupação","description":"Só mais um site WordPress","potentialAction":[{"@type":"SearchAction","target":{"@type":"EntryPoint","urlTemplate":"https:\/\/www.itaucultural.org.br\/ocupacao\/en\/?s={search_term_string}"},"query-input":{"@type":"PropertyValueSpecification","valueRequired":true,"valueName":"search_term_string"}}],"inLanguage":"pt-BR"}]}</script>
<!-- / Yoast SEO plugin. -->

Tônia Carrero - Ocupação

A Ocupação Tônia Carrero, realizada pelo Itaú Cultural, celebra a trajetória de uma das principais atrizes brasileiras do século XX

Ocupação

Início

Só mais um site WordPress
