
{"id":9333,"date":"2016-08-19T22:19:45","date_gmt":"2016-08-20T01:19:45","guid":{"rendered":"http:\/\/qa.ocupacao.itau.nuova2.com\/ocupacao\/nelson-rodrigues\/futebol-e-drama\/"},"modified":"2021-12-16T10:26:32","modified_gmt":"2021-12-16T13:26:32","slug":"futebol-e-drama","status":"publish","type":"page","link":"https:\/\/www.itaucultural.org.br\/ocupacao\/nelson-rodrigues\/futebol-e-drama\/","title":{"rendered":"Futebol \u00e9 Drama"},"content":{"rendered":"","protected":false},"excerpt":{"rendered":"","protected":false},"author":1,"featured_media":9337,"parent":9285,"menu_order":8,"comment_status":"closed","ping_status":"closed","template":"","meta":{"footnotes":""},"class_list":["post-9333","page","type-page","status-publish","has-post-thumbnail","hentry","areas-jornalismo","areas-teatro"],"yoast_head":"<!-- This site is optimized with the Yoast SEO plugin v27.4 - https:\/\/yoast.com\/product\/yoast-seo-wordpress\/ -->\n<title>Futebol \u00e9 Drama - Ocupa\u00e7\u00e3o Nelson Rodrigues<\/title>\n<meta name=\"description\" content=\"Para Nelson Rodrigues, um jogo de futebol era espa\u00e7o para o \u00e9pico, para o drama, para o mito. Quem se batia no campo eram her\u00f3is em potencial\" \/>\n<meta name=\"robots\" content=\"index, follow, max-snippet:-1, max-image-preview:large, max-video-preview:-1\" \/>\n<link rel=\"canonical\" href=\"https:\/\/www.itaucultural.org.br\/ocupacao\/nelson-rodrigues\/futebol-e-drama\/\" \/>\n<meta property=\"og:locale\" content=\"pt_BR\" \/>\n<meta property=\"og:type\" content=\"article\" \/>\n<meta property=\"og:title\" content=\"Futebol \u00e9 Drama - Ocupa\u00e7\u00e3o Nelson Rodrigues\" \/>\n<meta property=\"og:description\" content=\"Para Nelson Rodrigues, um jogo de futebol era espa\u00e7o para o \u00e9pico, para o drama, para o mito. Quem se batia no campo eram her\u00f3is em potencial\" \/>\n<meta property=\"og:url\" content=\"https:\/\/www.itaucultural.org.br\/ocupacao\/nelson-rodrigues\/futebol-e-drama\/\" \/>\n<meta property=\"og:site_name\" content=\"Ocupa\u00e7\u00e3o\" \/>\n<meta property=\"article:modified_time\" content=\"2021-12-16T13:26:32+00:00\" \/>\n<meta property=\"og:image\" content=\"https:\/\/www.itaucultural.org.br\/ocupacao\/wp-content\/uploads\/2012\/10\/jogosdaprimavera.jpg\" \/>\n\t<meta property=\"og:image:width\" content=\"955\" \/>\n\t<meta property=\"og:image:height\" content=\"1378\" \/>\n\t<meta property=\"og:image:type\" content=\"image\/jpeg\" \/>\n<meta name=\"twitter:card\" content=\"summary_large_image\" \/>\n<script type=\"application\/ld+json\" class=\"yoast-schema-graph\">{\"@context\":\"https:\\\/\\\/schema.org\",\"@graph\":[{\"@type\":\"WebPage\",\"@id\":\"https:\\\/\\\/www.itaucultural.org.br\\\/ocupacao\\\/nelson-rodrigues\\\/futebol-e-drama\\\/\",\"url\":\"https:\\\/\\\/www.itaucultural.org.br\\\/ocupacao\\\/nelson-rodrigues\\\/futebol-e-drama\\\/\",\"name\":\"Futebol \u00e9 Drama - Ocupa\u00e7\u00e3o Nelson Rodrigues\",\"isPartOf\":{\"@id\":\"https:\\\/\\\/www.itaucultural.org.br\\\/ocupacao\\\/en\\\/#website\"},\"primaryImageOfPage\":{\"@id\":\"https:\\\/\\\/www.itaucultural.org.br\\\/ocupacao\\\/nelson-rodrigues\\\/futebol-e-drama\\\/#primaryimage\"},\"image\":{\"@id\":\"https:\\\/\\\/www.itaucultural.org.br\\\/ocupacao\\\/nelson-rodrigues\\\/futebol-e-drama\\\/#primaryimage\"},\"thumbnailUrl\":\"https:\\\/\\\/www.itaucultural.org.br\\\/ocupacao\\\/wp-content\\\/uploads\\\/2012\\\/10\\\/jogosdaprimavera.jpg\",\"datePublished\":\"2016-08-20T01:19:45+00:00\",\"dateModified\":\"2021-12-16T13:26:32+00:00\",\"description\":\"Para Nelson Rodrigues, um jogo de futebol era espa\u00e7o para o \u00e9pico, para o drama, para o mito. Quem se batia no campo eram her\u00f3is em potencial\",\"breadcrumb\":{\"@id\":\"https:\\\/\\\/www.itaucultural.org.br\\\/ocupacao\\\/nelson-rodrigues\\\/futebol-e-drama\\\/#breadcrumb\"},\"inLanguage\":\"pt-BR\",\"potentialAction\":[{\"@type\":\"ReadAction\",\"target\":[\"https:\\\/\\\/www.itaucultural.org.br\\\/ocupacao\\\/nelson-rodrigues\\\/futebol-e-drama\\\/\"]}]},{\"@type\":\"ImageObject\",\"inLanguage\":\"pt-BR\",\"@id\":\"https:\\\/\\\/www.itaucultural.org.br\\\/ocupacao\\\/nelson-rodrigues\\\/futebol-e-drama\\\/#primaryimage\",\"url\":\"https:\\\/\\\/www.itaucultural.org.br\\\/ocupacao\\\/wp-content\\\/uploads\\\/2012\\\/10\\\/jogosdaprimavera.jpg\",\"contentUrl\":\"https:\\\/\\\/www.itaucultural.org.br\\\/ocupacao\\\/wp-content\\\/uploads\\\/2012\\\/10\\\/jogosdaprimavera.jpg\",\"width\":955,\"height\":1378,\"caption\":\"Folhinha comemorativa dos Jogos da Primavera de 1956, com diversas modalidades esportivas para mo\u00e7as\"},{\"@type\":\"BreadcrumbList\",\"@id\":\"https:\\\/\\\/www.itaucultural.org.br\\\/ocupacao\\\/nelson-rodrigues\\\/futebol-e-drama\\\/#breadcrumb\",\"itemListElement\":[{\"@type\":\"ListItem\",\"position\":1,\"name\":\"In\u00edcio\",\"item\":\"https:\\\/\\\/www.itaucultural.org.br\\\/ocupacao\\\/en\\\/\"},{\"@type\":\"ListItem\",\"position\":2,\"name\":\"Nelson Rodrigues\",\"item\":\"https:\\\/\\\/ocupacao.icnetworks.org\\\/ocupacao\\\/nelson-rodrigues\\\/\"},{\"@type\":\"ListItem\",\"position\":3,\"name\":\"Futebol \u00e9 Drama\"}]},{\"@type\":\"WebSite\",\"@id\":\"https:\\\/\\\/www.itaucultural.org.br\\\/ocupacao\\\/en\\\/#website\",\"url\":\"https:\\\/\\\/www.itaucultural.org.br\\\/ocupacao\\\/en\\\/\",\"name\":\"Ocupa\u00e7\u00e3o\",\"description\":\"S\u00f3 mais um site WordPress\",\"potentialAction\":[{\"@type\":\"SearchAction\",\"target\":{\"@type\":\"EntryPoint\",\"urlTemplate\":\"https:\\\/\\\/www.itaucultural.org.br\\\/ocupacao\\\/en\\\/?s={search_term_string}\"},\"query-input\":{\"@type\":\"PropertyValueSpecification\",\"valueRequired\":true,\"valueName\":\"search_term_string\"}}],\"inLanguage\":\"pt-BR\"}]}<\/script>\n<!-- \/ Yoast SEO plugin. -->","yoast_head_json":{"title":"Futebol \u00e9 Drama - Ocupa\u00e7\u00e3o Nelson Rodrigues","description":"Para Nelson Rodrigues, um jogo de futebol era espa\u00e7o para o \u00e9pico, para o drama, para o mito. Quem se batia no campo eram her\u00f3is em potencial","robots":{"index":"index","follow":"follow","max-snippet":"max-snippet:-1","max-image-preview":"max-image-preview:large","max-video-preview":"max-video-preview:-1"},"canonical":"https:\/\/www.itaucultural.org.br\/ocupacao\/nelson-rodrigues\/futebol-e-drama\/","og_locale":"pt_BR","og_type":"article","og_title":"Futebol \u00e9 Drama - Ocupa\u00e7\u00e3o Nelson Rodrigues","og_description":"Para Nelson Rodrigues, um jogo de futebol era espa\u00e7o para o \u00e9pico, para o drama, para o mito. Quem se batia no campo eram her\u00f3is em potencial","og_url":"https:\/\/www.itaucultural.org.br\/ocupacao\/nelson-rodrigues\/futebol-e-drama\/","og_site_name":"Ocupa\u00e7\u00e3o","article_modified_time":"2021-12-16T13:26:32+00:00","og_image":[{"width":955,"height":1378,"url":"https:\/\/www.itaucultural.org.br\/ocupacao\/wp-content\/uploads\/2012\/10\/jogosdaprimavera.jpg","type":"image\/jpeg"}],"twitter_card":"summary_large_image","schema":{"@context":"https:\/\/schema.org","@graph":[{"@type":"WebPage","@id":"https:\/\/www.itaucultural.org.br\/ocupacao\/nelson-rodrigues\/futebol-e-drama\/","url":"https:\/\/www.itaucultural.org.br\/ocupacao\/nelson-rodrigues\/futebol-e-drama\/","name":"Futebol \u00e9 Drama - Ocupa\u00e7\u00e3o Nelson Rodrigues","isPartOf":{"@id":"https:\/\/www.itaucultural.org.br\/ocupacao\/en\/#website"},"primaryImageOfPage":{"@id":"https:\/\/www.itaucultural.org.br\/ocupacao\/nelson-rodrigues\/futebol-e-drama\/#primaryimage"},"image":{"@id":"https:\/\/www.itaucultural.org.br\/ocupacao\/nelson-rodrigues\/futebol-e-drama\/#primaryimage"},"thumbnailUrl":"https:\/\/www.itaucultural.org.br\/ocupacao\/wp-content\/uploads\/2012\/10\/jogosdaprimavera.jpg","datePublished":"2016-08-20T01:19:45+00:00","dateModified":"2021-12-16T13:26:32+00:00","description":"Para Nelson Rodrigues, um jogo de futebol era espa\u00e7o para o \u00e9pico, para o drama, para o mito. Quem se batia no campo eram her\u00f3is em potencial","breadcrumb":{"@id":"https:\/\/www.itaucultural.org.br\/ocupacao\/nelson-rodrigues\/futebol-e-drama\/#breadcrumb"},"inLanguage":"pt-BR","potentialAction":[{"@type":"ReadAction","target":["https:\/\/www.itaucultural.org.br\/ocupacao\/nelson-rodrigues\/futebol-e-drama\/"]}]},{"@type":"ImageObject","inLanguage":"pt-BR","@id":"https:\/\/www.itaucultural.org.br\/ocupacao\/nelson-rodrigues\/futebol-e-drama\/#primaryimage","url":"https:\/\/www.itaucultural.org.br\/ocupacao\/wp-content\/uploads\/2012\/10\/jogosdaprimavera.jpg","contentUrl":"https:\/\/www.itaucultural.org.br\/ocupacao\/wp-content\/uploads\/2012\/10\/jogosdaprimavera.jpg","width":955,"height":1378,"caption":"Folhinha comemorativa dos Jogos da Primavera de 1956, com diversas modalidades esportivas para mo\u00e7as"},{"@type":"BreadcrumbList","@id":"https:\/\/www.itaucultural.org.br\/ocupacao\/nelson-rodrigues\/futebol-e-drama\/#breadcrumb","itemListElement":[{"@type":"ListItem","position":1,"name":"In\u00edcio","item":"https:\/\/www.itaucultural.org.br\/ocupacao\/en\/"},{"@type":"ListItem","position":2,"name":"Nelson Rodrigues","item":"https:\/\/ocupacao.icnetworks.org\/ocupacao\/nelson-rodrigues\/"},{"@type":"ListItem","position":3,"name":"Futebol \u00e9 Drama"}]},{"@type":"WebSite","@id":"https:\/\/www.itaucultural.org.br\/ocupacao\/en\/#website","url":"https:\/\/www.itaucultural.org.br\/ocupacao\/en\/","name":"Ocupa\u00e7\u00e3o","description":"S\u00f3 mais um site WordPress","potentialAction":[{"@type":"SearchAction","target":{"@type":"EntryPoint","urlTemplate":"https:\/\/www.itaucultural.org.br\/ocupacao\/en\/?s={search_term_string}"},"query-input":{"@type":"PropertyValueSpecification","valueRequired":true,"valueName":"search_term_string"}}],"inLanguage":"pt-BR"}]}},"_links":{"self":[{"href":"https:\/\/www.itaucultural.org.br\/ocupacao\/wp-json\/wp\/v2\/pages\/9333","targetHints":{"allow":["GET"]}}],"collection":[{"href":"https:\/\/www.itaucultural.org.br\/ocupacao\/wp-json\/wp\/v2\/pages"}],"about":[{"href":"https:\/\/www.itaucultural.org.br\/ocupacao\/wp-json\/wp\/v2\/types\/page"}],"author":[{"embeddable":true,"href":"https:\/\/www.itaucultural.org.br\/ocupacao\/wp-json\/wp\/v2\/users\/1"}],"replies":[{"embeddable":true,"href":"https:\/\/www.itaucultural.org.br\/ocupacao\/wp-json\/wp\/v2\/comments?post=9333"}],"version-history":[{"count":1,"href":"https:\/\/www.itaucultural.org.br\/ocupacao\/wp-json\/wp\/v2\/pages\/9333\/revisions"}],"predecessor-version":[{"id":16137,"href":"https:\/\/www.itaucultural.org.br\/ocupacao\/wp-json\/wp\/v2\/pages\/9333\/revisions\/16137"}],"up":[{"embeddable":true,"href":"https:\/\/www.itaucultural.org.br\/ocupacao\/wp-json\/wp\/v2\/pages\/9285"}],"wp:featuredmedia":[{"embeddable":true,"href":"https:\/\/www.itaucultural.org.br\/ocupacao\/wp-json\/wp\/v2\/media\/9337"}],"wp:attachment":[{"href":"https:\/\/www.itaucultural.org.br\/ocupacao\/wp-json\/wp\/v2\/media?parent=9333"}],"curies":[{"name":"wp","href":"https:\/\/api.w.org\/{rel}","templated":true}]}}

Futebol é Drama

<!-- This site is optimized with the Yoast SEO plugin v27.4 - https://yoast.com/product/yoast-seo-wordpress/ -->
<title>Futebol é Drama - Ocupação Nelson Rodrigues</title>
<meta name="description" content="Para Nelson Rodrigues, um jogo de futebol era espaço para o épico, para o drama, para o mito. Quem se batia no campo eram heróis em potencial" />
<meta name="robots" content="index, follow, max-snippet:-1, max-image-preview:large, max-video-preview:-1" />
<link rel="canonical" href="https://www.itaucultural.org.br/ocupacao/nelson-rodrigues/futebol-e-drama/" />
<meta property="og:locale" content="pt_BR" />
<meta property="og:type" content="article" />
<meta property="og:title" content="Futebol é Drama - Ocupação Nelson Rodrigues" />
<meta property="og:description" content="Para Nelson Rodrigues, um jogo de futebol era espaço para o épico, para o drama, para o mito. Quem se batia no campo eram heróis em potencial" />
<meta property="og:url" content="https://www.itaucultural.org.br/ocupacao/nelson-rodrigues/futebol-e-drama/" />
<meta property="og:site_name" content="Ocupação" />
<meta property="article:modified_time" content="2021-12-16T13:26:32+00:00" />
<meta property="og:image" content="https://www.itaucultural.org.br/ocupacao/wp-content/uploads/2012/10/jogosdaprimavera.jpg" />
	<meta property="og:image:width" content="955" />
	<meta property="og:image:height" content="1378" />
	<meta property="og:image:type" content="image/jpeg" />
<meta name="twitter:card" content="summary_large_image" />
<script type="application/ld+json" class="yoast-schema-graph">{"@context":"https:\/\/schema.org","@graph":[{"@type":"WebPage","@id":"https:\/\/www.itaucultural.org.br\/ocupacao\/nelson-rodrigues\/futebol-e-drama\/","url":"https:\/\/www.itaucultural.org.br\/ocupacao\/nelson-rodrigues\/futebol-e-drama\/","name":"Futebol é Drama - Ocupação Nelson Rodrigues","isPartOf":{"@id":"https:\/\/www.itaucultural.org.br\/ocupacao\/en\/#website"},"primaryImageOfPage":{"@id":"https:\/\/www.itaucultural.org.br\/ocupacao\/nelson-rodrigues\/futebol-e-drama\/#primaryimage"},"image":{"@id":"https:\/\/www.itaucultural.org.br\/ocupacao\/nelson-rodrigues\/futebol-e-drama\/#primaryimage"},"thumbnailUrl":"https:\/\/www.itaucultural.org.br\/ocupacao\/wp-content\/uploads\/2012\/10\/jogosdaprimavera.jpg","datePublished":"2016-08-20T01:19:45+00:00","dateModified":"2021-12-16T13:26:32+00:00","description":"Para Nelson Rodrigues, um jogo de futebol era espaço para o épico, para o drama, para o mito. Quem se batia no campo eram heróis em potencial","breadcrumb":{"@id":"https:\/\/www.itaucultural.org.br\/ocupacao\/nelson-rodrigues\/futebol-e-drama\/#breadcrumb"},"inLanguage":"pt-BR","potentialAction":[{"@type":"ReadAction","target":["https:\/\/www.itaucultural.org.br\/ocupacao\/nelson-rodrigues\/futebol-e-drama\/"]}]},{"@type":"ImageObject","inLanguage":"pt-BR","@id":"https:\/\/www.itaucultural.org.br\/ocupacao\/nelson-rodrigues\/futebol-e-drama\/#primaryimage","url":"https:\/\/www.itaucultural.org.br\/ocupacao\/wp-content\/uploads\/2012\/10\/jogosdaprimavera.jpg","contentUrl":"https:\/\/www.itaucultural.org.br\/ocupacao\/wp-content\/uploads\/2012\/10\/jogosdaprimavera.jpg","width":955,"height":1378,"caption":"Folhinha comemorativa dos Jogos da Primavera de 1956, com diversas modalidades esportivas para moças"},{"@type":"BreadcrumbList","@id":"https:\/\/www.itaucultural.org.br\/ocupacao\/nelson-rodrigues\/futebol-e-drama\/#breadcrumb","itemListElement":[{"@type":"ListItem","position":1,"name":"Início","item":"https:\/\/www.itaucultural.org.br\/ocupacao\/en\/"},{"@type":"ListItem","position":2,"name":"Nelson Rodrigues","item":"https:\/\/ocupacao.icnetworks.org\/ocupacao\/nelson-rodrigues\/"},{"@type":"ListItem","position":3,"name":"Futebol é Drama"}]},{"@type":"WebSite","@id":"https:\/\/www.itaucultural.org.br\/ocupacao\/en\/#website","url":"https:\/\/www.itaucultural.org.br\/ocupacao\/en\/","name":"Ocupação","description":"Só mais um site WordPress","potentialAction":[{"@type":"SearchAction","target":{"@type":"EntryPoint","urlTemplate":"https:\/\/www.itaucultural.org.br\/ocupacao\/en\/?s={search_term_string}"},"query-input":{"@type":"PropertyValueSpecification","valueRequired":true,"valueName":"search_term_string"}}],"inLanguage":"pt-BR"}]}</script>
<!-- / Yoast SEO plugin. -->

Futebol é Drama - Ocupação Nelson Rodrigues

Para Nelson Rodrigues, um jogo de futebol era espaço para o épico, para o drama, para o mito. Quem se batia no campo eram heróis em potencial

Ocupação

Folhinha comemorativa dos Jogos da Primavera de 1956, com diversas modalidades esportivas para moças

Início

Só mais um site WordPress
